 = a**2 - 24*a - 42. What is the hundreds digit of x(-15)?
5
Let b be -3 - (-215 + (-2 - -6))*1. Let s = -75 + b. What is the hundreds digit of s?
1
Suppose 2*s = 94 + 30. Suppose -58*q - 500 = -s*q. What is the hundreds digit of q?
1
Let f(n) = 2*n - 5. Let y = -20 - -24. Let q be f(y). Suppose -3*c + c = 2*r - 22, -2*r + 31 = q*c. What is the units digit of c?
9
Let z(i) = 2*i**2 + 1. Let g be z(-1). Suppose g*r = r. Suppose 3*d + r*d = w - 34, -5*d - 98 = -3*w. What is the tens digit of w?
3
Suppose 10*y = 6*y - 5*o + 13780, 4 = -o. What is the hundreds digit of y?
4
Let h = 225 - 134. Suppose -44*t + 45*t = h. What is the units digit of t?
1
Suppose -2*b - h = -52, 238 = 5*b + 5*h + 98. What is the tens digit of ((-19)/3)/((-2)/b)?
7
Let y(d) = d**3 + 11*d**2 - 22*d - 40. Let h be y(-13). Let x = -39 - h. What is the units digit of x?
3
Let p(h) = -h**2 + 14*h - 9. Let o be p(13). Suppose 59 = z - o*j, -z - j + 9 = -30. Suppose 2*t + z = 5*t - x, 2*t = 4*x + 12. What is the units digit of t?
6
What is the units digit of (-10 - -12)/((-2)/(-256))?
6
What is the units digit of 159291/108 - (-2)/48*2?
5
Let v(s) = -5*s**2 - 2*s - 6. Let g(o) = -16*o**2 - 6*o - 19. Let k(h) = 2*g(h) - 7*v(h). What is the units digit of k(-4)?
4
Let s = 57 + -82. Let m = s + 43. What is the tens digit of m?
1
Suppose -6*j + 26 = -5*j + 2*r, 0 = -4*j - 3*r + 89. What is the tens digit of j?
2
Let a(i) = -50*i - 7. Let m(x) = -51*x - 7. Let w(v) = 4*a(v) - 3*m(v). What is the units digit of w(-3)?
4
Suppose 3*z = -2*z + 25. Suppose -7 = -z*d + 5*j - 2, -j = -3*d + 5. Suppose d*c - g - 69 = 0, -3*g - 137 = -4*c - 2*g. What is the units digit of c?
4
Let b(g) = -58*g**3 - 6*g**2 + 3*g - 2. Let i(d) = -59*d**3 - 7*d**2 + 3*d - 2. Let p(w) = -7*b(w) + 6*i(w). What is the units digit of p(1)?
1
Suppose 3911 + 9769 = 20*o. What is the hundreds digit of o?
6
Let t(w) = -w + 17. Let f = -18 - -29. Let y be t(f). What is the units digit of (12 - y)/(3/2)?
4
Let l(j) = -j**2 + 5*j - 5. Let b be l(4). Let i(x) = -8*x + 33 - 73 + 40. What is the units digit of i(b)?
8
Suppose 3*t - 3*w + 8 - 5 = 0, -4*t = 3*w - 31. Let o(m) = -m**3 + 4*m**2 + 4*m + 5. What is the units digit of o(t)?
1
What is the hundreds digit of (-9 - 0) + 668 + 0?
6
Let y be ((205 - -2) + 3)/(-1). Let j = -150 - y. Suppose 5*a = j + 85. What is the units digit of a?
9
Let t(m) = 2135*m**2 - 8*m - 2. What is the units digit of t(1)?
5
What is the units digit of -1 - -746 - (10 - (9 - 0))?
4
Suppose p = r + 3*r + 70, -3*p - 2*r = -154. Let s = 105 - p. What is the units digit of s?
1
Suppose 5*y = -5*q + 16250, -q + 5*y = 3*y - 3238. What is the hundreds digit of q?
2
Let j(l) = -39*l - 182. What is the hundreds digit of j(-25)?
7
Let h = -14 + 8. Let v be (-16)/(-5) - (-10)/(-50) - 0. What is the units digit of (7/(-2))/(v/h)?
7
Suppose 4*a - 2*r - 20 = 0, -8 - 8 = 4*r. Suppose -a*y - d + 75 = -70, d = 1. What is the units digit of y?
8
Let y(c) = 4*c - 17. Let b(x) = -4*x + 17. Let g(k) = -3*b(k) - 2*y(k). Let j be g(5). Suppose q - 33 = 4*v + 11, 4*v + 116 = j*q. What is the tens digit of q?
3
Let d(n) = -n**3 - 8*n**2 + 13*n - 8. Let z(h) = -h + 10. Let t be z(20). What is the units digit of d(t)?
2
Suppose -4*t + 10 = 9*b - 6*b, b + 3*t = 5. Suppose -5*p = b*q - 0*p - 201, 20 = 4*p. What is the tens digit of q?
8
Let m = 1142 + -645. What is the tens digit of m?
9
Let m = 5082 + -705. What is the units digit of m?
7
Suppose -7012 = 750*x - 754*x. What is the thousands digit of x?
1
Let t be ((-2)/(-12)*-2)/((-3)/27). Suppose 2*u = -5*y - 25 + 113, t*y = u - 55. What is the tens digit of u?
4
Let r = 18 + -15. Suppose 0 = 5*n - r - 12. Suppose -t = -n*t + 18. What is the units digit of t?
9
Suppose -5*c = 3*p - 13, 5*c + 3*p = 2*p + 11. Let l(d) = c*d + 6 + 2*d**2 - 10*d**2 + 7*d**2 + 7*d. What is the units digit of l(7)?
0
Suppose 6*p + 8 = 10*p. What is the units digit of p/9 - 237/(-27)?
9
Suppose -112*x + 115*x = 681. Suppose 0 = -w + 5*b + x, -3*b + 2 = -w + 225. What is the units digit of w?
7
Suppose -p + 64 + 11 = 5*u, -2*p - 3*u + 115 = 0. Let j = -516 - -540. Let b = p - j. What is the units digit of b?
6
Let f be ((-15)/25)/((-1)/5). Suppose -7*z = -2*z, -f*z - 10 = -2*h. Let w(a) = 2*a**2 - 5*a - 2. What is the units digit of w(h)?
3
What is the tens digit of (-13412)/(-10) + 120/(-100)?
4
Let q be (-4)/(-5)*(-75)/(-6). Let d = 9 - q. What is the tens digit of d + 1 + 168/8?
2
What is the tens digit of 919435/1241 - 4/(-34)?
4
Suppose i + 391 + 1153 = 3*y, 0 = 5*y - 3*i - 2580. What is the tens digit of y?
1
Let l = 20 + -23. What is the units digit of 198/44*(-2)/l?
3
Let q(r) = -5*r + 591. What is the units digit of q(46)?
1
Let n = -108 + 185. Let u = -46 + n. What is the units digit of 1*u - (12 + -9)?
8
Suppose 4*w = j + 769 + 1314, 0 = 2*w - 3*j - 1039. What is the hundreds digit of w?
5
Suppose 2*p + 0 - 50 = 0. Suppose 21*d + 216 = p*d. What is the units digit of d?
4
What is the tens digit of -1 + 6 + (4531 - 2)?
3
Suppose -p = -5*p - 3*r + 27, 4*p + r - 17 = 0. Suppose -552 = -p*d - 3*d. What is the units digit of d?
2
Suppose 3*z - 2*u - 16 = 0, z + 6 = 2*z - u. Let y(m) = 2*m**2 - 8*m + 2. Let i be y(z). Suppose -i*d - 3*d = -255. What is the tens digit of d?
5
Let l(t) = -27*t + 69. What is the tens digit of l(-5)?
0
Let g(c) = 1 + c**2 - 2*c**2 + 39*c**3 + 0*c**2 - c. What is the tens digit of g(1)?
3
Let p(x) = x**2 + 21*x + 39. What is the hundreds digit of p(-40)?
7
Let o(w) = 6*w + 48. What is the units digit of o(3)?
6
Let n(i) = -i + 45. Let h be n(9). What is the units digit of (4820/36 - 0) + 4/h?
4
Suppose k + 3*k = -12, 0 = 5*h + 3*k + 9. Suppose 6*o + 2*i - 18 = 2*o, 5*o + 3*i - 24 = h. What is the tens digit of (o + -6 - -23)/1?
2
Let d(y) = 6*y**2 + 25*y + 113. What is the hundreds digit of d(-7)?
2
Suppose -2*f = f - 261. Let a = f + -37. What is the units digit of a?
0
Let i(y) = -y**2 + 11*y + 3. What is the units digit of i(6)?
3
Let b = 112 - -18. What is the units digit of b/(2*(4 + -3))?
5
Suppose 4*q = q + 12. Suppose 5*b - b = -q. What is the units digit of b*8*8/(-16)?
4
Let n(w) = -w**3 - 7*w**2 - 9*w - 22. Let a be n(-6). What is the units digit of 5 - (a - 33)*2?
9
Suppose 4*n - 4*f - 2 = 14, -3*f - 24 = -5*n. Suppose 0 = -n*a + 7*a - 44. What is the tens digit of a?
4
Let h be (134 - 0) + -1 + -3 + 2. Let g = -79 + h. What is the units digit of g?
3
Let u = 6706 - 1780. What is the thousands digit of u?
4
What is the thousands digit of 2008 - -2 - (-12)/4?
2
Let w(m) = m**3 - 5*m**2 + 5*m. Let d be w(4). Let f = 4 + d. Suppose -r - k = -f - 0, 2*r + k - 17 = 0. What is the units digit of r?
9
Let q(d) be the third derivative of d**6/120 - 2*d**5/15 - d**4/12 + 11*d**3/6 - 2*d**2. Let x = 9 + 0. What is the units digit of q(x)?
4
Let g be (28/(-42))/(2/(-18)). What is the units digit of (2/g)/(3/144)?
6
Let p = -181 - -103. Let f be 47/(-1)*(4 + -3). Let r = f - p. What is the tens digit of r?
3
Let j = 35 + -44. Let i = 123 - j. What is the hundreds digit of i?
1
Suppose 4*k + 399 = 4*x + 1439, 5*x + 2*k + 1272 = 0. Let b = x - -485. What is the units digit of b?
9
Let a(v) = -v**3 - 4*v**2 - 5*v + 4. Let p be (-12)/(6*3/12). Let u be 323/(-68) + 2/p. What is the tens digit of a(u)?
5
Let w(k) = 12*k**2 - 15*k - 9. What is the tens digit of w(-7)?
8
Suppose 41*g - 1513 = -324. What is the units digit of g?
9
Let h = -56 - -60. Suppose h*q - 239 - 269 = 0. What is the hundreds digit of q?
1
Suppose u = -2*t + 1634, 2979 - 517 = 3*t - 4*u. What is the tens digit of t?
1
Let t(w) be the first derivative of -w**3/3 + 15*w**2/2 - 5*w + 1. Suppose -7*z + 4*r = -4*z - 13, 0 = 3*z + 5*r - 31. What is the units digit of t(z)?
1
Suppose 47*p + 478 = 49*p. What is the hundreds digit of p?
2
Let i = 194 + 11. Let y = -127 + i. What is the units digit of y?
8
Suppose 33*l - 80 = 13*l. What is the units digit of l?
4
Suppose -46*f - 127 = -47*f. What is the hundreds digit of f?
1
Let i(p) = -249*p - 146. What is the units digit of i(-8)?
6
Suppose 11*r = 5537 + 8939. What is the thousands digit of r?
1
Let o = 9 + 0. Let t be 4 + (-2)/((-6)/o). Suppose 0*z = z - t. What is the units digit of z?
7
Suppose 0 = 15*v - 11*v - 20. Suppose 5*i = 2*j - 455, 2*j = -i